{"id":1102,"date":"2019-12-02T22:23:32","date_gmt":"2019-12-02T21:23:32","guid":{"rendered":"http:\/\/www.ilgrandecuoredimoreno-onlus.it\/?page_id=1102"},"modified":"2026-03-29T11:35:11","modified_gmt":"2026-03-29T10:35:11","slug":"raccolta-fondi","status":"publish","type":"page","link":"https:\/\/www.ilgrandecuoredimoreno-onlus.it\/?page_id=1102","title":{"rendered":"Raccolta fondi"},"content":{"rendered":"<div class=\"rendiconti-container\" style=\"font-family: 'Helvetica Neue', Helvetica, Arial, sans-serif; line-height: 1.6; color: #333; max-width: 1000px; margin: 0 auto;\">\n<p style=\"font-size: 1.1em; margin-bottom: 15px;\">Cari amici dell\u2019Associazione, per una ONLUS come la nostra l\u2019obiettivo non \u00e8 produrre reddito, ma perseguire finalit\u00e0 sociali.<\/p>\n<p style=\"font-size: 1.1em; margin-bottom: 30px;\">Il nostro lavoro \u00e8 difficilmente valutabile in soli termini economici ma, per garantire la <strong>massima trasparenza<\/strong>, potete visionare i nostri rendiconti della raccolta fondi qui sotto.<\/p>\n<style>\n        .grid-rendiconti {\n            display: grid;\n            grid-template-columns: repeat(auto-fill, minmax(180px, 1fr));\n            gap: 20px;\n            margin-bottom: 40px;\n        }\n        .card-pdf {\n            border: 1px solid #e0e0e0;\n            border-radius: 10px;\n            padding: 15px;\n            text-align: center;\n            transition: all 0.3s ease;\n            background: #ffffff;\n            display: flex;\n            flex-direction: column;\n            align-items: center;\n            justify-content: center;\n        }\n        .card-pdf:hover {\n            transform: translateY(-5px);\n            box-shadow: 0 6px 15px rgba(0,0,0,0.1);\n            border-color: #d93025;\n        }\n        .card-pdf img {\n            margin-bottom: 12px;\n            filter: drop-shadow(0 2px 4px rgba(0,0,0,0.1));\n        }\n        .card-pdf a {\n            text-decoration: none;\n            color: #d93025;\n            font-weight: 700;\n            font-size: 0.95em;\n            display: block;\n        }\n        .anno-header {\n            grid-column: 1 \/ -1;\n            border-left: 5px solid #d93025;\n            background: #f8f9fa;\n            padding: 8px 15px;\n            margin: 25px 0 10px 0;\n            color: #444;\n            font-size: 1.3em;\n            font-weight: bold;\n            text-transform: uppercase;\n            letter-spacing: 1px;\n        }\n        .placeholder-2025 {\n            border: 2px dashed #ccc !important;\n            background: #fafafa !important;\n            opacity: 0.7;\n        }\n    <\/style>\n<div class=\"grid-rendiconti\">\n<p>        <!-- ANNO 2025 --><\/p>\n<div class=\"anno-header\">Anno 2025<\/div>\n<div class=\"card-pdf\">\n            <a href=\"https:\/\/www.ilgrandecuoredimoreno-onlus.it\/wp-content\/uploads\/2026\/03\/RaccoltaFondiOccasionale_FESTA-DI-NATALE-2025-PDFA.pdf\" target=\"_blank\"><br \/>\n                <img decoding=\"async\" src=\"https:\/\/www.ilgrandecuoredimoreno-onlus.it\/wp-content\/uploads\/2019\/12\/raccolta_-300x298.jpg\" width=\"75\" alt=\"PDF\"><br \/>\n                Rendiconto 12\/2025<br \/>\n            <\/a><\/div>\n<div class=\"card-pdf\">\n            <a href=\"https:\/\/www.ilgrandecuoredimoreno-onlus.it\/wp-content\/uploads\/2026\/03\/RaccoltaFondiOccasionale_FESTA-ASSOCIAZIONE-2025-PDFA.pdf\" target=\"_blank\"><br \/>\n                <img decoding=\"async\" src=\"https:\/\/www.ilgrandecuoredimoreno-onlus.it\/wp-content\/uploads\/2019\/12\/raccolta_-300x298.jpg\" width=\"75\" alt=\"PDF\"><br \/>\n                Rendiconto 09\/2025<br \/>\n            <\/a><\/div>\n<div class=\"card-pdf\">\n            <a href=\"https:\/\/www.ilgrandecuoredimoreno-onlus.it\/wp-content\/uploads\/2026\/03\/RaccoltaFondiOccasionale_EVENTO-14_15-FEBBRAIO-PDFA.pdf\" target=\"_blank\"><br \/>\n                <img decoding=\"async\" src=\"https:\/\/www.ilgrandecuoredimoreno-onlus.it\/wp-content\/uploads\/2019\/12\/raccolta_-300x298.jpg\" width=\"75\" alt=\"PDF\"><br \/>\n                Rendiconto 02\/2025<br \/>\n            <\/a><\/div>\n<p><!-- ANNO 2024 --><\/p>\n<div class=\"anno-header\">Anno 2024<\/div>\n<div class=\"card-pdf\">\n            <a href=\"https:\/\/www.ilgrandecuoredimoreno-onlus.it\/wp-content\/uploads\/2025\/02\/RaccoltaFondi12_2024.pdf\" target=\"_blank\"><br \/>\n                <img decoding=\"async\" src=\"https:\/\/www.ilgrandecuoredimoreno-onlus.it\/wp-content\/uploads\/2019\/12\/raccolta_-300x298.jpg\" width=\"75\" alt=\"PDF\"><br \/>\n                Rendiconto 12\/2024<br \/>\n            <\/a><\/div>\n<div class=\"card-pdf\">\n            <a href=\"https:\/\/www.ilgrandecuoredimoreno-onlus.it\/wp-content\/uploads\/2025\/02\/RaccoltaFondi09_2024.pdf\" target=\"_blank\"><br \/>\n                <img decoding=\"async\" src=\"https:\/\/www.ilgrandecuoredimoreno-onlus.it\/wp-content\/uploads\/2019\/12\/raccolta_-300x298.jpg\" width=\"75\" alt=\"PDF\"><br \/>\n                Rendiconto 09\/2024<br \/>\n            <\/a><\/div>\n<p><!-- ANNO 2023 --><\/p>\n<div class=\"anno-header\">Anno 2023<\/div>\n<div class=\"card-pdf\">\n            <a href=\"https:\/\/www.ilgrandecuoredimoreno-onlus.it\/wp-content\/uploads\/2024\/06\/Rendiconto-della-raccolta-fondi-festa-di-natale-FIR.pdf\" target=\"_blank\"><br \/>\n                <img decoding=\"async\" src=\"https:\/\/www.ilgrandecuoredimoreno-onlus.it\/wp-content\/uploads\/2019\/12\/raccolta_-300x298.jpg\" width=\"75\" alt=\"PDF\"><br \/>\n                Rendiconto 12\/2023<br \/>\n            <\/a><\/div>\n<div class=\"card-pdf\">\n            <a href=\"https:\/\/www.ilgrandecuoredimoreno-onlus.it\/wp-content\/uploads\/2025\/01\/Rendiconto09_2023.pdf\" target=\"_blank\"><br \/>\n                <img decoding=\"async\" src=\"https:\/\/www.ilgrandecuoredimoreno-onlus.it\/wp-content\/uploads\/2019\/12\/raccolta_-300x298.jpg\" width=\"75\" alt=\"PDF\"><br \/>\n                Rendiconto 09\/2023<br \/>\n            <\/a><\/div>\n<p><!-- ANNO 2022 --><\/p>\n<div class=\"anno-header\">Anno 2022<\/div>\n<div class=\"card-pdf\">\n            <a href=\"https:\/\/www.ilgrandecuoredimoreno-onlus.it\/wp-content\/uploads\/2024\/03\/raccolta-fondi-FESTA-ASSOCIAZIONE-ANNO-2022.pdf\" target=\"_blank\"><br \/>\n                <img decoding=\"async\" src=\"https:\/\/www.ilgrandecuoredimoreno-onlus.it\/wp-content\/uploads\/2019\/12\/raccolta_-300x298.jpg\" width=\"75\" alt=\"PDF\"><br \/>\n                Rendiconto 09\/2022<br \/>\n            <\/a><\/div>\n<p><!-- ANNO 2021 --><\/p>\n<div class=\"anno-header\">Anno 2021<\/div>\n<div class=\"card-pdf\">\n            <a href=\"https:\/\/www.ilgrandecuoredimoreno-onlus.it\/wp-content\/uploads\/2022\/04\/RaccoltaFondi09_2021.pdf\" target=\"_blank\"><br \/>\n                <img decoding=\"async\" src=\"https:\/\/www.ilgrandecuoredimoreno-onlus.it\/wp-content\/uploads\/2019\/12\/raccolta_-300x298.jpg\" width=\"75\" alt=\"PDF\"><br \/>\n                Rendiconto 09\/2021<br \/>\n            <\/a><\/div>\n<p><!-- ANNO 2019 --><\/p>\n<div class=\"anno-header\">Anno 2019<\/div>\n<div class=\"card-pdf\">\n            <a href=\"https:\/\/www.ilgrandecuoredimoreno-onlus.it\/wp-content\/uploads\/2020\/09\/RaccoltaFondi_07_12_2019.pdf\" target=\"_blank\"><br \/>\n                <img decoding=\"async\" src=\"https:\/\/www.ilgrandecuoredimoreno-onlus.it\/wp-content\/uploads\/2019\/12\/raccolta_-300x298.jpg\" width=\"75\" alt=\"PDF\"><br \/>\n                Rendiconto 12\/2019<br \/>\n            <\/a><\/div>\n<div class=\"card-pdf\">\n            <a href=\"https:\/\/www.ilgrandecuoredimoreno-onlus.it\/wp-content\/uploads\/2020\/09\/RaccoltaFondi_01_09_2019.pdf\" target=\"_blank\"><br \/>\n                <img decoding=\"async\" src=\"https:\/\/www.ilgrandecuoredimoreno-onlus.it\/wp-content\/uploads\/2019\/12\/raccolta_-300x298.jpg\" width=\"75\" alt=\"PDF\"><br \/>\n                Rendiconto 09\/2019<br \/>\n            <\/a><\/div>\n<div class=\"card-pdf\">\n            <a href=\"https:\/\/www.ilgrandecuoredimoreno-onlus.it\/wp-content\/uploads\/2020\/09\/RaccoltaFondi_09_05_2019.pdf\" target=\"_blank\"><br \/>\n                <img decoding=\"async\" src=\"https:\/\/www.ilgrandecuoredimoreno-onlus.it\/wp-content\/uploads\/2019\/12\/raccolta_-300x298.jpg\" width=\"75\" alt=\"PDF\"><br \/>\n                Rendiconto 05\/2019<br \/>\n            <\/a><\/div>\n<p><!-- ANNO 2018 --><\/p>\n<div class=\"anno-header\">Anno 2018<\/div>\n<div class=\"card-pdf\">\n            <a href=\"https:\/\/www.ilgrandecuoredimoreno-onlus.it\/wp-content\/uploads\/2019\/12\/RaccoltaFondi_Nov_2018.pdf\" target=\"_blank\"><br \/>\n                <img decoding=\"async\" src=\"https:\/\/www.ilgrandecuoredimoreno-onlus.it\/wp-content\/uploads\/2019\/12\/raccolta_-300x298.jpg\" width=\"75\" alt=\"PDF\"><br \/>\n                Rendiconto 11\/2018<br \/>\n            <\/a><\/div>\n<div class=\"card-pdf\">\n            <a href=\"https:\/\/www.ilgrandecuoredimoreno-onlus.it\/wp-content\/uploads\/2019\/12\/RaccoltaFondi_Maggio_2018.pdf\" target=\"_blank\"><br \/>\n                <img decoding=\"async\" src=\"https:\/\/www.ilgrandecuoredimoreno-onlus.it\/wp-content\/uploads\/2019\/12\/raccolta_-300x298.jpg\" width=\"75\" alt=\"PDF\"><br \/>\n                Rendiconto 05\/2018<br \/>\n            <\/a><\/div>\n<\/div>\n<\/div>\n","protected":false},"excerpt":{"rendered":"<p>Cari amici dell\u2019Associazione, per una ONLUS come la nostra l\u2019obiettivo non \u00e8 produrre reddito, ma perseguire finalit\u00e0 sociali. Il nostro lavoro \u00e8 difficilmente valutabile in soli termini economici ma, per garantire la massima trasparenza, potete visionare i nostri rendiconti della raccolta fondi qui sotto. Anno 2025 Rendiconto 12\/2025 Rendiconto 09\/2025<\/p>\n","protected":false},"author":1,"featured_media":0,"parent":0,"menu_order":0,"comment_status":"closed","ping_status":"closed","template":"","meta":{"sfsi_plus_gutenberg_text_before_share":"","sfsi_plus_gutenberg_show_text_before_share":"","sfsi_plus_gutenberg_icon_type":"","sfsi_plus_gutenberg_icon_alignemt":"","sfsi_plus_gutenburg_max_per_row":"","footnotes":""},"class_list":["post-1102","page","type-page","status-publish","hentry"],"_links":{"self":[{"href":"https:\/\/www.ilgrandecuoredimoreno-onlus.it\/index.php?rest_route=\/wp\/v2\/pages\/1102","targetHints":{"allow":["GET"]}}],"collection":[{"href":"https:\/\/www.ilgrandecuoredimoreno-onlus.it\/index.php?rest_route=\/wp\/v2\/pages"}],"about":[{"href":"https:\/\/www.ilgrandecuoredimoreno-onlus.it\/index.php?rest_route=\/wp\/v2\/types\/page"}],"author":[{"embeddable":true,"href":"https:\/\/www.ilgrandecuoredimoreno-onlus.it\/index.php?rest_route=\/wp\/v2\/users\/1"}],"replies":[{"embeddable":true,"href":"https:\/\/www.ilgrandecuoredimoreno-onlus.it\/index.php?rest_route=%2Fwp%2Fv2%2Fcomments&post=1102"}],"version-history":[{"count":23,"href":"https:\/\/www.ilgrandecuoredimoreno-onlus.it\/index.php?rest_route=\/wp\/v2\/pages\/1102\/revisions"}],"predecessor-version":[{"id":1957,"href":"https:\/\/www.ilgrandecuoredimoreno-onlus.it\/index.php?rest_route=\/wp\/v2\/pages\/1102\/revisions\/1957"}],"wp:attachment":[{"href":"https:\/\/www.ilgrandecuoredimoreno-onlus.it\/index.php?rest_route=%2Fwp%2Fv2%2Fmedia&parent=1102"}],"curies":[{"name":"wp","href":"https:\/\/api.w.org\/{rel}","templated":true}]}}